{"id":9,"date":"2026-03-13T16:29:00","date_gmt":"2026-03-13T16:29:00","guid":{"rendered":"https:\/\/365.vcrm.vn\/?page_id=9"},"modified":"2026-03-13T16:30:11","modified_gmt":"2026-03-13T16:30:11","slug":"365-ngay-giau-toan-dien","status":"publish","type":"page","link":"https:\/\/365.vcrm.vn\/","title":{"rendered":"365 Ng\u00e0y Gi\u00e0u To\u00e0n Di\u1ec7n"},"content":{"rendered":"\n<figure class=\"wp-block-image size-large\"><img loading=\"lazy\" decoding=\"async\" width=\"1024\" height=\"576\" src=\"http:\/\/365.vcrm.vn\/wp-content\/uploads\/2026\/03\/605571293_122187159518582299_7403266515092048753_n-1024x576.jpg\" alt=\"\" class=\"wp-image-8\" srcset=\"https:\/\/365.vcrm.vn\/wp-content\/uploads\/2026\/03\/605571293_122187159518582299_7403266515092048753_n-1024x576.jpg 1024w, https:\/\/365.vcrm.vn\/wp-content\/uploads\/2026\/03\/605571293_122187159518582299_7403266515092048753_n-300x169.jpg 300w, https:\/\/365.vcrm.vn\/wp-content\/uploads\/2026\/03\/605571293_122187159518582299_7403266515092048753_n-768x432.jpg 768w, https:\/\/365.vcrm.vn\/wp-content\/uploads\/2026\/03\/605571293_122187159518582299_7403266515092048753_n-1536x864.jpg 1536w, https:\/\/365.vcrm.vn\/wp-content\/uploads\/2026\/03\/605571293_122187159518582299_7403266515092048753_n.jpg 2048w\" sizes=\"auto, (max-width: 1024px) 100vw, 1024px\" \/><\/figure>\n\n\n\n<p>\ud83c\udff5\ufe0f\ud83c\udff5\ufe0f\ud83c\udff5\ufe0fCh\u01b0\u01a1ng Tr\u00ecnh D\u00e0nh Ri\u00eang Cho Th\u00e0nh Vi\u00ean S\u1edf H\u1eefu L\u1ecbch 355 Ng\u00e0y Gi\u00e0u To\u00e0n Di\u1ec7n<br>\ud83e\udeb7\u2665\ufe0f\ud83e\udeb7 Tr\u01b0\u1edfng th\u00e0nh t\u1eeb Quan Ni\u1ec7m \u2013 N\u00e2ng t\u1ea7m nh\u1eadn th\u1ee9c n\u1ed9i t\u00e2m qua t\u1eebng trang l\u1ecbch.<br>H\u00e0nh tr\u00ecnh L\u00e0m Gi\u00e0u \u2013 L\u00e0m Ch\u1ee7 \u2013 Tr\u1edf N\u00ean \u2013 Tr\u1edf Th\u00e0nh.<\/p>\n\n\n\n<p>\u23f1\ufe0f Th\u1eddi Gian: 12h00-13h30 M\u1ed7i Ng\u00e0y<\/p>\n\n\n\n<p>\ud83d\udece\ufe0fLink zoom: http:\/\/link.wit.edu.vn\/365ngaygiautoandien<br>PASS: 2369<\/p>\n\n\n\n<p>\ud83d\udc8eK\u00eanh Youtube: https:\/\/www.youtube.com\/@365ngaygiautoandien<br>\ud83c\udfaaFacebook Fanpage: https:\/\/www.facebook.com\/365ngaygiautoandien<br>\ud83c\udfaaK\u00eanh th\u00f4ng tin Telegram: https:\/\/t.me\/channel365ngaygiautoandien<\/p>\n\n\n\n<p>Tr\u00e2n Tr\u1ecdng Bi\u1ebft \u01a0n \u2665\ufe0f<\/p>\n\n\n\n<figure class=\"wp-block-image\"><img decoding=\"async\" src=\"https:\/\/wit365.vn\/wp-content\/uploads\/2025\/12\/z7316948028901_7cee776cd3d07fa0f160ffc28d9232e7-240x300.jpg\" alt=\"\" class=\"wp-image-5344\"\/><\/figure>\n\n\n\n<figure class=\"wp-block-image\"><img decoding=\"async\" src=\"https:\/\/wit365.vn\/wp-content\/uploads\/2025\/12\/z7316948672963_eb845ef39b8217fccffc73114944f99c-300x225.jpg\" alt=\"\" class=\"wp-image-5345\"\/><\/figure>\n","protected":false},"excerpt":{"rendered":"<p>\ud83c\udff5\ufe0f\ud83c\udff5\ufe0f\ud83c\udff5\ufe0fCh\u01b0\u01a1ng Tr\u00ecnh D\u00e0nh Ri\u00eang Cho Th\u00e0nh Vi\u00ean S\u1edf H\u1eefu L\u1ecbch 355 Ng\u00e0y Gi\u00e0u To\u00e0n Di\u1ec7n\ud83e\udeb7\u2665\ufe0f\ud83e\udeb7 Tr\u01b0\u1edfng th\u00e0nh t\u1eeb Quan Ni\u1ec7m \u2013 N\u00e2ng t\u1ea7m nh\u1eadn th\u1ee9c n\u1ed9i t\u00e2m qua t\u1eebng trang l\u1ecbch.H\u00e0nh tr\u00ecnh L\u00e0m Gi\u00e0u \u2013 L\u00e0m Ch\u1ee7 \u2013 Tr\u1edf N\u00ean \u2013 Tr\u1edf Th\u00e0nh. \u23f1\ufe0f Th\u1eddi Gian: 12h00-13h30 M\u1ed7i Ng\u00e0y \ud83d\udece\ufe0fLink zoom: http:\/\/link.wit.edu.vn\/365ngaygiautoandienPASS: 2369 \ud83d\udc8eK\u00eanh Youtube: [&hellip;]<\/p>\n","protected":false},"author":1,"featured_media":0,"parent":0,"menu_order":0,"comment_status":"closed","ping_status":"closed","template":"blank","meta":{"footnotes":""},"class_list":["post-9","page","type-page","status-publish","hentry"],"_links":{"self":[{"href":"https:\/\/365.vcrm.vn\/index.php\/wp-json\/wp\/v2\/pages\/9","targetHints":{"allow":["GET"]}}],"collection":[{"href":"https:\/\/365.vcrm.vn\/index.php\/wp-json\/wp\/v2\/pages"}],"about":[{"href":"https:\/\/365.vcrm.vn\/index.php\/wp-json\/wp\/v2\/types\/page"}],"author":[{"embeddable":true,"href":"https:\/\/365.vcrm.vn\/index.php\/wp-json\/wp\/v2\/users\/1"}],"replies":[{"embeddable":true,"href":"https:\/\/365.vcrm.vn\/index.php\/wp-json\/wp\/v2\/comments?post=9"}],"version-history":[{"count":4,"href":"https:\/\/365.vcrm.vn\/index.php\/wp-json\/wp\/v2\/pages\/9\/revisions"}],"predecessor-version":[{"id":16,"href":"https:\/\/365.vcrm.vn\/index.php\/wp-json\/wp\/v2\/pages\/9\/revisions\/16"}],"wp:attachment":[{"href":"https:\/\/365.vcrm.vn\/index.php\/wp-json\/wp\/v2\/media?parent=9"}],"curies":[{"name":"wp","href":"https:\/\/api.w.org\/{rel}","templated":true}]}}